 + 2*s + 0. Give g(8).
24
Let q be 8/((-80)/(-25)) - 2/(-4). Let y(r) = -3*r**3 - 3*r + q*r - 6 + 5. What is y(-1)?
2
Let x(a) = -a. Let j be 0 - -1 - (-82 + (-24)/(-6)). Let g = j + -73. Determine x(g).
-6
Let h(c) = -5*c. Let s be h(-1). Suppose -2*x = -s*f - 199, 4*x + 2*f - 412 + 50 = 0. Let o be x/14 + 12/28. Let g(u) = u**3 - 6*u**2 - 6*u - 6. Determine g(o).
1
Let y(g) be the third derivative of 7*g**5/12 - g**4/24 - g**3/6 - 45*g**2. Give y(-1).
35
Let a(f) = -f**2 - 6*f - 2. Let d = -48 + 53. Suppose 0 = -d*w - 5, -3*w - 29 = 4*j + 2*w. Give a(j).
-2
Suppose 0 = p + 2*a - 39, p + 5*a = -2*p + 113. Suppose -4*r + 5*y + p = 4, -3*r = y - 6. Let w(v) = -3 + r + v - 12*v. What is w(1)?
-11
Let d(m) = 1 - 7*m**3 - 2 + 6*m**3 + 800*m**2 - 795*m**2. Suppose -4*o + 30 = -2*q, 0 - 30 = -5*o + q. Give d(o).
-1
Let n(w) = w**2 + 26*w - 25. Let l(o) = -4*o + 1. Let y(j) = -l(j) - n(j). Calculate y(-23).
1
Suppose -3*p - 19 = -2*t, 2*p = 5*t - 3*t - 14. Let i(w) = -12 - t + w + 2 + 2. Calculate i(8).
-2
Let g(y) = y**2 - 4*y + 3. Let l be 40/12 + (-6)/(-9). Let v be g(l). Let q(n) = -8*n**2 + 3*n**2 + 216*n + v - n**3 - 209*n. What is q(-6)?
-3
Suppose -20 = -0*w - 4*w, c - w - 1 = 0. Let x(a) = -a**2 + 4*a - 9. Give x(c).
-21
Let m(k) = -k - 6. Let w(f) = -6*f**2 + 6*f**2 + 8*f + 7 + f**2 - 1. Let d be w(-5). Calculate m(d).
3
Let m(v) = -7*v**3 + 2*v**2 + 9*v - 6. Let p(z) = -19*z**3 + 9*z**3 + 0*z**2 + 13*z + 3*z**2 - 9. Let y(f) = 7*m(f) - 5*p(f). Calculate y(2).
3
Suppose -57*i + 6 = -51*i. Let v(f) = -12*f + 4 - 6*f - 3. What is v(i)?
-17
Suppose 4*w - 127 = -139. Let c(x) = 4*x. Give c(w).
-12
Let x(g) = -2*g**3 + 99*g**2 + 50*g + 4. Let k be x(50). Let m(c) = c**2 + c. Give m(k).
20
Let a(r) be the third derivative of -r**7/5040 - 11*r**5/30 - 8*r**2. Let z(d) be the third derivative of a(d). Give z(5).
-5
Let r(w) be the second derivative of -3*w**5/5 + w**4/12 + w**3/3 + w**2/2 + w - 4. Give r(-1).
12
Suppose -6*i - 20 = -2*i. Let f(g) be the second derivative of g**4/12 + 5*g**2 - 3*g. Let h(d) = -d**2 + d - 11. Let y(z) = -6*f(z) - 5*h(z). Calculate y(i).
-5
Let q(p) = -3*p + 17. Suppose -11*b = 13 - 57. Give q(b).
5
Let r(m) be the first derivative of -m**2 - 148. What is r(-2)?
4
Let b(k) = k + 42 + 6*k - 5*k - 20. Let d be b(-13). Let t(f) = -f**2 - 5*f - 3. Determine t(d).
1
Let p(o) be the third derivative of 0 + 1/24*o**4 + 0*o - 3/2*o**3 - 2*o**2. Let t = 17 + -13. Calculate p(t).
-5
Let u(k) = 4*k**3 - 5*k**3 + 2*k**3 - 5*k**2 + 4*k + 0*k**3 + 3. Let n be (-2 - (0 - 1)) + 5. Determine u(n).
3
Let b(t) = 15*t - 20. Let k(i) = 11*i - 20. Let o(m) = 2*b(m) - 3*k(m). What is o(8)?
-4
Let g = -3 - 0. Let x(v) = -19*v**2 + 18*v**2 - 17 + 13. Give x(g).
-13
Let g(r) = r**3 - 2*r - 2. Let o(t) = -8*t - 74. Let h be o(-9). Calculate g(h).
-6
Let k(p) = -7*p**2 - 2*p**3 + 4*p**3 - p**3 + 7*p - 3. Suppose -5*b + 3*b - 24 = -3*q, 5*b = 2*q - 27. What is k(q)?
3
Suppose 12*k - 15 = 33. Let l(p) = p**2 + 2*p - 1. Determine l(k).
23
Let x(n) be the second derivative of n**4/12 - 7*n**2 + 7*n. Let r(g) = -g**2 + 5*g + 3. Let a be r(5). Suppose 2*j = a*j. Calculate x(j).
-14
Suppose l + 5 = 3*t, -2*t + 4*l + 6 = 2*l. Let r(y) = -y**3 - y**2 + y + 1. Let x(p) = -3*p**3 + 2*p**2 + 8*p. Let g(z) = t*x(z) - 4*r(z). Give g(-4).
12
Let c(v) = v**3 - 6*v**2 + 4*v + 1. Suppose 0 = -7*n + 40 - 12. Let z be (2/32*20)/(1/n). Give c(z).
-4
Let j be (-8 - -23)*3/(-72)*-8. Let u(w) = w**2 - 20*w + 81. What is u(j)?
6
Let k(c) = c - 4. Let y be (-4 - -7)*(-1)/1. Let w = 172 + -175. Let f be (2 + y)*(w + 0). Determine k(f).
-1
Let r(k) = -k**2 - 10*k + 1. Suppose -2*d = -4*d - 14. What is r(d)?
22
Let y(l) = -2*l**2 - 3 - 3*l + 5*l**2 - 2*l**2. Let w(q) = -46*q + 1 + 5 + 47*q. Let t be w(-1). Determine y(t).
7
Let k(a) = -a**3 - 13*a**2 + 16*a + 32. Suppose 0 = -29*p - 350 - 56. What is k(p)?
4
Let j(a) = -a**3 + a - 3. Let g(x) = 9*x**2 + 3*x - 2. Let d be g(1). Let z(h) = -16 - 5*h + 5*h**3 + d*h - 10*h**3. Let i(w) = 11*j(w) - 2*z(w). Give i(0).
-1
Let p(g) = -g**3 + 2*g**2 - g - 3. Let l(a) = -10*a**2 + 101*a - 8. Let d be l(10). What is p(d)?
-5
Let n be (1 + -2)/(6/(-30)). Let p(f) be the third derivative of f**4/12 - f**3/2 + f**2. Give p(n).
7
Let z(h) = 1 - 2*h + 4*h**2 - h + h - h**3. Suppose 47*i - 43*i - 352 = 0. Let x = -84 + i. Calculate z(x).
-7
Suppose j - 32 = -5*t - 4, 0 = 4*j - 3*t + 3. Suppose -5*i = -j*i. Let r(g) = 2*g**3 + 1 + 0*g + 0*g + i - 2*g**2. Determine r(-1).
-3
Let s(j) = -2*j**2 + 32*j - 9. Let f(y) = -y**2 + 15*y - 5. Let h(o) = 7*f(o) - 3*s(o). Determine h(9).
-8
Let n(c) be the first derivative of c**4/4 + 8*c**3/3 - 11*c**2/2 - 2. Give n(-9).
18
Let q(l) be the first derivative of -l**6/360 + l**5/20 + l**4/6 - 9*l**3 + 1. Let i(m) be the third derivative of q(m). Calculate i(7).
-3
Let y(j) = j**2 + 10*j - 11. Let n be y(-12). Let x = n - 13. Let k be (-2)/1 + (0 - x). Let r(i) = 2*i + 3. Calculate r(k).
-1
Let o = 237 - 168. Let b(g) = g**3 - 4*g + o*g**2 - 40*g**2 - 32*g**2. Give b(3).
-12
Let y(b) = -b**3 + 10*b**2 + 24*b. Suppose 0 = -2*x, 0 = -3*j + x - 3*x + 36. Let p be y(j). Let z(u) = -u + 1. Determine z(p).
1
Let d(c) = -5 - 2*c - 35 + 6*c - 2*c. What is d(18)?
-4
Let v(s) = 140 - 68 - 73 + 7*s. Let h(n) = -n**2 + n + 1. Let y = 9 - 9. Let m be h(y). Calculate v(m).
6
Let w = 6 + 56. Let v = w + -59. Let x(y) = y**3 - y**2 + 1. Give x(v).
19
Let g(z) = z**3 - z**2 + z - 2. Let p = 9 - 19. Let f = p - -15. Suppose 0 = -5*l - 4*u + 18, 0 = -f*l + 7*u - 2*u. What is g(l)?
4
Let d(n) = -n**2 - 21*n - 96. Let q be d(-13). Let r(c) = c**2 - 12*c + 1. Determine r(q).
-31
Let n be 1 + 0 + 0 + -1. Let j(v) = 885*v - 3 + v**2 - 439*v - 447*v + v**3. What is j(n)?
-3
Let c(b) be the first derivative of 5*b**4/4 - b + 1. Let d = 33 - 29. Suppose -5*r - 9 = -j, 16 = d*j - 0. What is c(r)?
-6
Suppose 3*w - 5 + 8 = 3*k, 5*w = 25. Let j(o) = 2 + 6*o + 0*o - 5*o. Give j(k).
8
Let t(s) = s - 3*s + 3*s + 1 - 7*s. Let l(f) = 5*f + 4 - 1 - 4. Let r(a) = 5*l(a) + 4*t(a). What is r(-3)?
-4
Let z be 4 - (-3 + 1 + 2). Suppose 2*u - 88 = 3*s, z*s - 5*u = -4*u - 109. Let j = 25 + s. Let p(c) = -9*c**2 + 1. Give p(j).
-8
Let f = -54 - -50. Let t(b) = b + 24 - 20 + b**2 + 5*b. Determine t(f).
-4
Let r be (-484)/(-48) - (3 + 7). Let y(w) be the second derivative of -5*w - r*w**4 - 1/3*w**3 + 2*w**2 + 0. Calculate y(-3).
1
Let a(m) = -5843 + 5842 + 2*m**3 - 2*m**3 - 5*m**2 - m - m**3. Give a(-5).
4
Let b = -164 - -985/6. Let y(q) be the third derivative of 0 + 1/12*q**4 + 0*q + 1/120*q**6 - b*q**3 - 1/15*q**5 - 6*q**2. Calculate y(3).
-4
Let z(c) = -c**3 + 6*c**2 + 6. Suppose 0 = -571*x + 584*x - 78. What is z(x)?
6
Suppose -2*c + 5*f - 16 = 0, 5*c + 2*f = 28 - 10. Let s(a) = 0*a**2 + 2*a - 4*a**c + 5*a**2 - 7. Determine s(-5).
8
Let a(o) = -2*o**2 - 11*o - 9. Let i(q) = -q**2 - 43*q - 448. Let u be i(-17). Give a(u).
-15
Let q(f) = -f**3 + 19*f**2 + 43*f - 18. Let c be q(21). Let y(h) = 2*h**2 + 7*h + 6. Let u(b) = 3*b**2 + 7*b + 6. Let i(v) = c*u(v) - 4*y(v). Give i(8).
2
Let q = -891 - -893. Let x(s) be the first derivative of 9*s - 1/2*s**q + 1. Calculate x(0).
9
Let q(x) be the third derivative of -x**5/30 + x**4/8 + x**3/3 + 63*x**2. Calculate q(3).
-7
Let v(x) be the third derivative of -x**5/60 + x**4/24 - 35*x**3/6 + 384*x**2. What is v(0)?
-35
Let s(y) = 16*y**2 - 15*y**2 - 5 - 31*y + 16*y + 14*y. Determine s(4).
7
Let h(m) = 38*m**2 - m**3 + 42*m**2 - 76*m**2 + 2. Let x(n) = 3*n**2. Let q be x(1). Give h(q).
11
Let n(c) = c. Let v(o) = 2 + 5 - 3 + 5*o + 8. Let h(l) = -4*n(l) + v(l). What is h(-9)?
3
Let z(c) = c**2 - 8*c + 1. Suppose -4*i + 4*d = -40, 0 = -5*i - 6*d + d + 20. Give z(i).
-6
Suppose -8 = x - 7. Let c = x + -5. Let l(j) = -j - 6*j + 0 - 4 - 3*j**2 + 2*j**2. What is l(c)?
2
Let d(a) = 6*a**2 - 7*a + 2. Let j(r) = -5*r**2 + 6*r - 2. Let m(k) = -4*d(k) - 5*j(k). Give m(2).
2
Suppose -2*y = 2*y - 3*n - 17, n + 3 = 0. Suppose -y*c = -c. Let p(k) = 3*k**3 + 2 - 2*k - 4*k**3 + 2*k**3 + 6*k**2 + c*k**3. Calculate p(-6).
14
Let h(g) = g**3 + 4*g**2 - 4*g - 3. Suppose -3*j + b = -8, -j - j - b = -2. Suppose 2*s = -u - 13, j*u - 2 = -8. Give h(s).
-8
Suppose -3*p + 3*d + 12 = 0, -2*d = -5*p - d. Let c be (p/(-1) + 1)/(-5)*5.